 228 = 184*d. Calculate the highest common divisor of o and 1242.
54
Let v(j) = -j**3 + j + 2. Let d be v(-2). Let y(x) = 7*x + 7. Let n be y(d). Calculate the greatest common divisor of n and 9.
9
Let r(c) = 3*c + 25. Let q be r(-18). Let x = q - -51. Let z be -5*((-4)/10 + 0). Calculate the highest common divisor of z and x.
2
Suppose 2*h - 6*h = -o + 84, 42 = -2*h - 4*o. Let u be (-6)/h + (208/7 - 0). What is the highest common divisor of 20 and u?
10
Let b(i) = -i - 10. Let v be b(-10). Let c be -2 + -1 - -5 - v. Let a be 165/12 + (-2)/(-8). What is the highest common divisor of a and c?
2
Let l(f) = f**3 - 11*f**2 + 15*f - 23. Let t be l(10). Calculate the highest common factor of 18 and t.
9
Let p = 79 + -74. Suppose 248 = p*q + 43. What is the greatest common factor of 369 and q?
41
Let y = 33 + -30. Suppose 32 + 7 = 2*d + y*p, -2*p - 6 = 0. Calculate the greatest common divisor of 36 and d.
12
Let j(o) = o**2 - 7*o + 6. Let y be j(5). Let g be (-14)/y*(-2 - -48). What is the greatest common divisor of 23 and g?
23
Let n(q) = 5*q**3 + 8*q**2 - 27*q + 63. Let y be n(6). Calculate the greatest common divisor of 27 and y.
27
Suppose 0 = 2*o - 4, 0 = 2*n + 2*n - 4*o - 20. Suppose 0 = 3*q + 4*i - 5, -2*q = -5*q - 2*i + n. Let u = -6 + 8. What is the greatest common factor of q and u?
1
Suppose 3*p - 4 = 2*p. Suppose -p*s + 3*s + 56 = 0. Suppose 0 = 3*g - s - 124. What is the highest common divisor of g and 12?
12
Let b(c) be the second derivative of 7*c**4/12 - c**2 + 4*c. Let r be b(-2). Calculate the greatest common divisor of r and 39.
13
Let c be ((-232)/14)/(4/(-14)) - 2. What is the greatest common factor of c and 56?
56
Suppose -35*f - 2997 + 9402 = 0. What is the highest common factor of 6 and f?
3
Let m = -1 + 5. Let d be 6/(-2) - m/2. Let r be (-772)/(-10) - (-1)/d. What is the highest common factor of 11 and r?
11
Let k be 48*(7/14 + (-22)/(-4)). What is the greatest common factor of 90 and k?
18
Let u be (-20)/90 + 7136/36. Calculate the highest common divisor of u and 22.
22
Let u = -4 - -7. Suppose -v - 179 = -5*b, 3*b - v = -2*v + 109. Let x = b + -30. Calculate the greatest common divisor of u and x.
3
Let r be 80/(-6)*(-54)/5. Suppose 0 = 5*q + 39 - r. What is the greatest common factor of 3 and q?
3
Let b be (-4809)/(-18) + 2 + (-13)/6. Let a be b/3 - (0 - 1)/1. Calculate the highest common factor of 10 and a.
10
Let f(k) = 32*k + 1. Let d be f(1). Let j = -21 - -27. Let x be 2*((-99)/j)/(-3). What is the greatest common divisor of d and x?
11
Let c be (4/4)/((2/(-82))/(-1)). Let v = -37 + c. Calculate the greatest common divisor of v and 36.
4
Suppose i = 4*h + h + 26, 3*i + h = 94. Let a = 75 - i. Let v(p) = p**2 - 5. Let l be v(4). Calculate the highest common factor of a and l.
11
Let o(u) = 10*u + 45. Let y be o(6). Let a be 40 - (-3 + 2 + -1). Calculate the greatest common factor of y and a.
21
Let a(n) = 10*n**2 - 7*n - 29. Let k be a(10). What is the greatest common divisor of k and 159?
53
Suppose -23*y + 276 = 92. Let w be -1 - 1 - (-5 - -1). What is the greatest common factor of y and w?
2
Let z = 386 - 284. Calculate the highest common divisor of 12 and z.
6
Let v = 6 - 6. Suppose -x - 5*f + 20 = v, -x - 2*f - 4 = -12. Suppose 11*j - 8*j - 51 = x. Calculate the greatest common factor of 34 and j.
17
Let x be ((-14300)/(-12))/(-11)*-6. What is the greatest common divisor of 26 and x?
26
Let r = 74 - 10. Let t(i) = -i - 10. Let k be t(-18). Calculate the highest common factor of r and k.
8
Suppose 46 = 36*w + 10. What is the highest common factor of 32 and w?
1
Suppose -4*j - 20 = -0*j. Let f be -1*(j - 1) + -2. Suppose 4*r = 6*p - 3*p - 45, 5*r + 59 = f*p. Calculate the greatest common divisor of 1 and p.
1
Suppose r = 50*r - 588. Let x(i) = -i - 1. Let t be x(-2). Let f be 38/6 - t/3. What is the greatest common factor of r and f?
6
Suppose 2*g + 0*t - 4*t = -228, 5*t - 343 = 3*g. Let r be 2/5 + g/(-10). Let i be (1 - 1/2)/(7/56). Calculate the greatest common divisor of i and r.
4
Suppose a + a + 3*n = 206, -2*a + 226 = -2*n. Let t be a - 4/((-4)/(-1)). Calculate the greatest common factor of t and 12.
12
Let y = -255 + 642. What is the greatest common divisor of y and 9?
9
Let p(n) be the first derivative of -n**3/3 + 15*n**2/2 - 13*n + 5. Let w be p(12). What is the greatest common factor of w and 115?
23
Let q be (66/4)/(15/180). Calculate the highest common factor of 330 and q.
66
Suppose 0 = 5*p - 8*p + 6. Suppose -3*w = -p*w - 1. Calculate the greatest common divisor of 9 and w.
1
Let a(m) = -m**3 + 10*m**2 - 9*m + 8. Suppose -5 = s - 14. Let u be a(s). Suppose 12*x = u*x + 4. Calculate the highest common factor of 2 and x.
1
Let h(m) = 2*m + 12. Let w(n) = -8*n + 2. Let u be w(-1). Let g be h(u). Calculate the greatest common factor of g and 128.
32
Let k be 5 - (0 - (-1 + -1)*1). Let n be (3/k)/((-2)/(-3 + -103)). Calculate the highest common divisor of 212 and n.
53
Let y = 15 - 8. Let t(k) = -4*k**2 - 119*k - 35. Let c be t(-28). Calculate the greatest common divisor of c and y.
7
Let j(y) = y**3 - 17*y**2 - y + 20. Let v be j(17). Suppose -4*u + 2*u + 29 = -l, -5*u + 71 = -v*l. What is the greatest common factor of u and 48?
16
Let k(b) = -2*b**2 + 4*b - 3. Let v be k(-6). Suppose 44*c = 30*c - 770. Let x = c - v. What is the highest common factor of 11 and x?
11
Suppose 0 = 5*z - 20, -6*x = -x + 5*z + 420. Let g = x - -124. Calculate the greatest common factor of g and 288.
36
Suppose 2*x - 13 = 5*u, x + 5*u - 31 = 13. Suppose 9*z = 912 + 114. Calculate the greatest common factor of z and x.
19
Let n be (-2 - 2)*-45 - 5. Calculate the greatest common divisor of n and 595.
35
Let d(f) = f**2 - 7*f + 7. Let y be d(11). Suppose -x + y = -i, 0 = -0*x - x - 2*i + 54. Calculate the greatest common factor of 13 and x.
13
Let l = 68 - -52. Suppose 16*p = 17*p - l. What is the highest common divisor of 12 and p?
12
Suppose -42 = k + 3*u - 102, -5*k + 4*u = -205. Calculate the highest common divisor of 27 and k.
9
Let m(d) = d**3 + 5*d - 6. Let s be m(4). Calculate the greatest common divisor of 208 and s.
26
Let o be (145/(-87))/((-1)/21). Let k be (-1 - -29)*30/8. What is the greatest common factor of k and o?
35
Let z = 63 - -38. Let w(s) = 8*s**2 - 3*s - 7. Let g be w(5). Let j = g - z. What is the highest common factor of j and 7?
7
Suppose -2*s - 106 = -3*r + 2*s, -3*r + s = -94. Let v = -2 + 5. Suppose -v*o + 0*o = -36. What is the greatest common factor of r and o?
6
Let q(a) = a**3 + a**2 - 2*a + 4. Let t be q(-3). Let x be 2*(63 - -1)/4. Let o = x - t. What is the highest common factor of 8 and o?
8
Suppose -2*o - 180 = -3*o. Let w(s) = s**2 - s + 41. Let c be w(0). Suppose -c = -4*k + 39. Calculate the greatest common factor of o and k.
20
Suppose -3*u + 54 = -t + 254, u + 3*t + 60 = 0. Let a = u - 109. Let z be ((-6)/(-10))/((-7)/a). Calculate the highest common divisor of z and 120.
15
Let m = -149 - -175. What is the highest common divisor of 169 and m?
13
Suppose 4*c + 48*n = 53*n + 818, 3*c = 2*n + 617. Calculate the greatest common divisor of c and 9.
9
Let n be (-17 - -74)*2/6. Suppose a - n = -12. What is the highest common divisor of a and 28?
7
Let t(z) = -4*z**3 + 16*z**2 + 161*z + 18. Let y be t(-9). Calculate the highest common divisor of y and 103.
103
Let u be 8/(3 - (-5 + 7)). Suppose 0 = u*k - 56 - 304. What is the highest common factor of k and 9?
9
Let k(r) = -11*r - 10. Let m be k(-6). Suppose 7 + 11 = 3*i. Suppose -2*z + i*z = 28. Calculate the greatest common factor of m and z.
7
Let g = -1205 + 1579. What is the highest common factor of g and 2?
2
Let y be (-3 - -3 - -4) + -24. Let v be -2*3/9 - y/3. Calculate the greatest common factor of v and 3.
3
Let r(u) = -10*u**3 - 6*u**2 + 14*u + 74. Let w be r(-5). Calculate the highest common divisor of 23 and w.
23
Let c be (1323/(-12) - -4)*-4. Let q = -106 + c. Calculate the highest common divisor of 29 and q.
29
Let o be (-440)/(-12)*3/2. Suppose -3*a - 2*p = -61 - o, 0 = -p + 4. What is the highest common divisor of 12 and a?
12
Suppose -3*g + 3*a = -297, 4*g - 4*a - 198 = 2*g. Let b be 4/28 + (-228)/(-21). What is the highest common divisor of b and g?
11
Let n = 590 + -582. What is the greatest common factor of 936 and n